082?
2, 101, 109, 449
List the prime factors of 393887.
13, 41, 739
What are the prime factors of 482784?
2, 3, 47, 107
What are the prime factors of 330400?
2, 5, 7, 59
What are the prime factors of 54433?
29, 1877
List the prime factors of 50815.
5, 10163
List the prime factors of 14334116.
2, 3583529
List the prime factors of 16091920.
2, 5, 13, 15473
List the prime factors of 2667439.
2667439
List the prime factors of 971293.
503, 1931
List the prime factors of 46231.
83, 557
List the prime factors of 1341377.
53, 25309
What are the prime factors of 538239?
3, 13, 37, 373
List the prime factors of 256221.
3, 7, 83
List the prime factors of 8985758.
2, 17, 127, 2081
What are the prime factors of 983321?
307, 3203
List the prime factors of 188195.
5, 7, 19, 283
List the prime factors of 7801365.
3, 5, 11, 13, 3637
What are the prime factors of 14176045?
5, 13, 17, 12829
List the prime factors of 51734.
2, 25867
List the prime factors of 6752102.
2, 7, 68899
What are the prime factors of 72799?
43, 1693
List the prime factors of 31702135.
5, 1861, 3407
List the prime factors of 1047852.
2, 3, 13, 2239
List the prime factors of 489503.
7, 69929
List the prime factors of 10696900.
2, 5, 41, 2609
What are the prime factors of 105385?
5, 7, 3011
What are the prime factors of 27310?
2, 5, 2731
What are the prime factors of 6342697?
47, 134951
What are the prime factors of 5749382?
2, 2874691
List the prime factors of 4268747.
7, 609821
List the prime factors of 2947788.
2, 3, 81883
List the prime factors of 1688605.
5, 337721
What are the prime factors of 722189?
13, 73, 761
What are the prime factors of 14739339?
3, 4913113
List the prime factors of 31106.
2, 103, 151
List the prime factors of 3089216.
2, 13, 47, 79
List the prime factors of 433041.
3, 7, 17, 1213
What are the prime factors of 9726111?
3, 1080679
What are the prime factors of 2875553?
29, 229, 433
List the prime factors of 11433583.
7, 1633369
What are the prime factors of 2097090?
2, 3, 5, 863
List the prime factors of 1834304.
2, 28661
What are the prime factors of 1017853?
43, 23671
What are the prime factors of 923267?
19, 48593
List the prime factors of 86080.
2, 5, 269
What are the prime factors of 969632?
2, 157, 193
List the prime factors of 884027.
31, 28517
List the prime factors of 16673870.
2, 5, 83, 20089
List the prime factors of 421076.
2, 105269
What are the prime factors of 491176?
2, 7, 179
What are the prime factors of 8017830?
2, 3, 5, 89087
List the prime factors of 1451694.
2, 3, 313, 773
List the prime factors of 5741817.
3, 1913939
What are the prime factors of 481622?
2, 240811
What are the prime factors of 22606?
2, 89, 127
What are the prime factors of 1407329?
7, 11, 373
List the prime factors of 29881.
29881
What are the prime factors of 3950432?
2, 41, 3011
What are the prime factors of 271052?
2, 67763
What are the prime factors of 27223?
7, 3889
List the prime factors of 88253.
11, 71, 113
What are the prime factors of 6607441?
17, 388673
What are the prime factors of 127236?
2, 3, 23, 461
What are the prime factors of 1909?
23, 83
List the prime factors of 177469.
103, 1723
What are the prime factors of 813718?
2, 406859
What are the prime factors of 1062299?
7, 29, 5233
What are the prime factors of 235823?
7, 59, 571
What are the prime factors of 965849?
109, 8861
List the prime factors of 248408.
2, 31051
List the prime factors of 454129.
13, 181, 193
What are the prime factors of 4790214?
2, 3, 11, 13, 1861
List the prime factors of 128136.
2, 3, 19, 281
List the prime factors of 9482809.
7, 1354687
What are the prime factors of 562016?
2, 7, 13, 193
List the prime factors of 6614131.
43, 153817
List the prime factors of 64763.
64763
What are the prime factors of 3473332?
2, 139, 6247
What are the prime factors of 157861?
11, 113, 127
What are the prime factors of 13841634?
2, 3, 163, 14153
What are the prime factors of 957452?
2, 59, 4057
What are the prime factors of 566686?
2, 67, 4229
What are the prime factors of 3171438?
2, 3, 176191
List the prime factors of 3211621.
7, 271, 1693
What are the prime factors of 327966?
2, 3, 47, 1163
What are the prime factors of 3417558?
2, 3, 47, 12119
List the prime factors of 5021841.
3, 11, 43, 3539
List the prime factors of 170899.
170899
What are the prime factors of 104674?
2, 199, 263
What are the prime factors of 1821671?
41, 157, 283
List the prime factors of 423968.
2, 13249
List the prime factors of 278557.
278557
List the prime factors of 10364823.
3, 7, 19, 1237
List the prime factors of 3342949.
43, 77743
What are the prime factors of 2290146?
2, 3, 19, 20089
List the prime factors of 13485079.
19, 709741
What are the prime factors of 310474?
2, 29, 53, 101
List the prime factors of 35835378.
2, 3, 5972563
What are the prime factors of 1001332?
2, 167, 1499
What are the prime factors of 511287?
3, 7, 97, 251
List the prime factors of 1734466.
2, 867233
What are the prime factors of 5079366?
2, 3, 23, 12269
List the prime factors of 357153.
3, 17, 47, 149
What are the prime factors of 4949439?
3, 11, 23, 6521
List the prime factors of 587466.
2, 3, 11, 23, 43
List the prime factors of 138478.
2, 69239
List the prime factors of 568486.
2, 284243
List the prime factors of 8531667.
3, 947963
List the prime factors of 6344685.
3, 5, 277, 509
List the prime factors of 282072.
2, 3, 7, 23, 73
What are the prime factors of 309947?
11, 19, 1483
List the prime factors of 240422.
2, 7, 13, 1321
What are the prime factors of 10873928?
2, 13, 19, 5503
What are the prime factors of 3794917?
7, 542131
List the prime factors of 1530193.
7, 218599
List the prime factors of 1815868.
2, 19, 23893
What are the prime factors of 732151?
7, 104593
What are the prime factors of 36020?
2, 5, 1801
List the prime factors of 78005.
5, 15601
List the prime factors of 3855458.
2, 1927729
What are the prime factors of 25339742?
2, 193, 65647
What are the prime factors of 258148?
2, 11, 5867
List the prime factors of 29480964.
2, 3, 2456747
List the prime factors of 118182.
2, 3, 19697
List the prime factors of 4698.
2, 3, 29
List the prime factors of 11439.
3, 31, 41
What are the prime factors of 4224516?
2, 3, 352043
What are the prime factors of 1086?
2, 3, 181
What are the prime factors of 5755113?
3, 7, 13, 7027
What are the prime factors of 6261494?
2, 1543, 2029
List the prime factors of 12046565.
5, 2409313
What are the prime factors of 450079?
7, 113, 569
What are the prime factors of 16214557?
41, 59, 6703
What are the prime factors of 10844962?
2, 79, 68639
List the prime factors of 1396133.
977, 1429
What are the prime factors of 11888557?
2677, 4441
What are the prime factors of 215688?
2, 3, 11, 19, 43
What are the prime factors of 3552719?
907, 3917
What are the prime factors of 7829808?
2, 3, 7, 3329
What are the prime factors of 664108?
2, 166027
List the prime factors of 1622739.
3, 41, 79, 167
What are the prime factors of 1208221?
7, 172603
List the prime factors of 113665.
5, 127, 179
List the prime factors of 364919.
364919
List the prime factors of 249077.
233, 1069
What are the prime factors of 5061193?
37, 3697
List the prime factors of 814869.
3, 11, 8231
What are the prime factors of 305088?
2, 3, 7, 227
List the prime factors of 175774.
2, 87887
List the prime factors of 3196097.
37, 86381
List the prime factors of 4708099.
11, 17, 1481
List the prime factors of 1580272.
2, 283, 349
List the prime factors of 291458.
2, 61, 2389
What are the prime factors of 367977?
3, 23, 5333
List the prime factors of 5057199.
3, 7, 80273
List the prime factors of 2056418.
2, 7, 13, 11299
List the prime factors of 3295991.
3295991
List the prime factors of 11560760.
2, 5, 289019
What are the prime factors of 181699?
7, 101, 257
What are the prime factors of 444557?
444557
What are the prime factors of 632730?
2, 3, 5, 7, 23, 131
List the prime factors of 640494.
2, 3, 29, 409
List the prime factors of 885489.
3, 11, 26833
What are the prime factors of 277764?
2, 3, 79, 293
List the prime factors of 18717014.
2, 19, 449, 1097
What are the prime factors of 357806?
2, 178903
List the prime factors of 378448.
2, 7, 31, 109
List the prime factors of 2389671.
3, 79, 3361
List the prime factors of 396477.
3, 44